3
What are the prime factors of 378728759?
16493, 22963
What are the prime factors of 507061965?
3, 5, 41, 487, 1693
What are the prime factors of 260977677?
3, 577, 150767
What are the prime factors of 455472626?
2, 7, 83, 593, 661
What are the prime factors of 168337799?
7, 839, 28663
List the prime factors of 2763712296.
2, 3, 29, 883, 1499
List the prime factors of 5190112.
2, 59, 2749
What are the prime factors of 103404137?
19, 211, 25793
List the prime factors of 52457705.
5, 10491541
List the prime factors of 135552408.
2, 3, 5648017
What are the prime factors of 42169928?
2, 17, 43, 7211
What are the prime factors of 201258246?
2, 3, 7, 4791863
List the prime factors of 110165656.
2, 43, 293, 1093
What are the prime factors of 1043374465?
5, 7, 71, 293, 1433
What are the prime factors of 236016481?
293, 805517
What are the prime factors of 3317087092?
2, 11, 127, 599, 991
List the prime factors of 328255756.
2, 29, 97579
What are the prime factors of 6469705664?
2, 47, 257, 8369
List the prime factors of 427224238.
2, 7, 823, 5297
What are the prime factors of 2195508555?
3, 5, 48789079
What are the prime factors of 1867841466?
2, 3, 1483, 209917
List the prime factors of 366789443.
366789443
What are the prime factors of 94925227?
94925227
What are the prime factors of 173322967?
547, 316861
What are the prime factors of 1184720699?
19, 62353721
List the prime factors of 85371315.
3, 5, 5691421
List the prime factors of 31404250.
2, 5, 125617
List the prime factors of 207662374.
2, 53, 1959079
What are the prime factors of 89772770?
2, 5, 8977277
List the prime factors of 318032692.
2, 79508173
What are the prime factors of 41346308?
2, 149, 173, 401
What are the prime factors of 251919027?
3, 29, 83, 401
List the prime factors of 3968720684.
2, 19, 283, 184523
What are the prime factors of 6103624?
2, 137, 5569
What are the prime factors of 241338479?
241338479
List the prime factors of 507950824.
2, 59, 1076167
What are the prime factors of 59099056?
2, 3693691
List the prime factors of 29464598.
2, 14732299
List the prime factors of 81041703.
3, 17, 1589053
What are the prime factors of 477585388?
2, 7, 17056621
What are the prime factors of 24673769?
479, 51511
What are the prime factors of 1338635777?
17, 2371, 33211
List the prime factors of 647088038.
2, 323544019
What are the prime factors of 699785302?
2, 349892651
List the prime factors of 2480410053.
3, 11, 103, 81083
What are the prime factors of 4866227927?
11, 29, 1279, 11927
List the prime factors of 50656471.
50656471
List the prime factors of 83079292.
2, 20769823
What are the prime factors of 270279979?
31, 8718709
What are the prime factors of 1436099026?
2, 718049513
List the prime factors of 159546886.
2, 37, 2156039
What are the prime factors of 23216613?
3, 7, 19, 31, 1877
What are the prime factors of 91533260?
2, 5, 7, 13, 19, 2647
List the prime factors of 48656814.
2, 3, 353, 22973
What are the prime factors of 3986974528?
2, 79, 788563
List the prime factors of 337517892.
2, 3, 29, 113, 2861
List the prime factors of 9338471169.
3, 3112823723
What are the prime factors of 7768809408?
2, 3, 40462549
List the prime factors of 3200488786.
2, 11, 2341, 62143
What are the prime factors of 24818332?
2, 7, 11, 19, 4241
List the prime factors of 40530077.
7, 5790011
What are the prime factors of 383915003?
1549, 247847
What are the prime factors of 4468000805?
5, 83, 619, 17393
What are the prime factors of 185289856?
2, 1013, 1429
What are the prime factors of 1461272642?
2, 730636321
List the prime factors of 18678789.
3, 149, 4643
What are the prime factors of 864950847?
3, 14431, 19979
List the prime factors of 4188887814.
2, 3, 2441, 286009
List the prime factors of 72819723.
3, 19, 233, 5483
List the prime factors of 156299286.
2, 3, 11, 13, 182167
What are the prime factors of 35873372?
2, 151, 59393
List the prime factors of 4992889.
11, 541, 839
List the prime factors of 3434297140.
2, 5, 701, 244957
List the prime factors of 14596350.
2, 3, 5, 31, 43, 73
What are the prime factors of 660618011?
17, 19, 593, 3449
What are the prime factors of 49368907?
7, 563, 12527
List the prime factors of 522063090.
2, 3, 5, 457, 4231
List the prime factors of 1215795205.
5, 17, 83, 172331
List the prime factors of 958355909.
7, 17, 977, 8243
List the prime factors of 66717830.
2, 5, 281, 23743
List the prime factors of 154226062.
2, 109, 707459
List the prime factors of 22241541.
3, 7, 151303
What are the prime factors of 2180535254?
2, 1090267627
List the prime factors of 79826996.
2, 19956749
What are the prime factors of 121093069?
121093069
What are the prime factors of 215604385?
5, 131, 329167
What are the prime factors of 3550704989?
13, 127, 2150639
List the prime factors of 2820486993.
3, 79, 83, 127, 1129
What are the prime factors of 1153684608?
2, 3, 3004387
List the prime factors of 80939266.
2, 40469633
What are the prime factors of 305728713?
3, 307, 110651
What are the prime factors of 497677194?
2, 3, 7, 3949819
List the prime factors of 30084525.
3, 5, 133709
What are the prime factors of 15056133?
3, 29, 173059
List the prime factors of 289315176.
2, 3, 12054799
List the prime factors of 298928600.
2, 5, 1494643
List the prime factors of 84194154.
2, 3, 11, 15749
List the prime factors of 3221261443.
67, 1609, 29881
What are the prime factors of 4593481072?
2, 287092567
What are the prime factors of 101318863?
1979, 51197
What are the prime factors of 741159071?
863, 858817
List the prime factors of 16511663.
7, 61, 38669
What are the prime factors of 119847799?
1453, 82483
List the prime factors of 658616300.
2, 5, 6586163
What are the prime factors of 375108606?
2, 3, 20839367
List the prime factors of 2870490949.
19, 151078471
List the prime factors of 508253215.
5, 31, 79, 41507
List the prime factors of 1768653058.
2, 37, 239, 100003
What are the prime factors of 362506402?
2, 17, 271, 39343
What are the prime factors of 3451821331?
7, 14957, 32969
List the prime factors of 44382037.
7, 379, 16729
What are the prime factors of 271497896?
2, 173, 196169
List the prime factors of 47993039.
47993039
What are the prime factors of 2061766562?
2, 17, 331, 183203
List the prime factors of 4671230077.
65717, 71081
List the prime factors of 810017809.
810017809
What are the prime factors of 263592393?
3, 87864131
What are the prime factors of 795931510?
2, 5, 11, 31, 101, 2311
List the prime factors of 2846345291.
137, 20776243
What are the prime factors of 2616992128?
2, 67, 197, 1549
What are the prime factors of 31809590?
2, 5, 67, 197, 241
List the prime factors of 40337605.
5, 7, 11, 104773
What are the prime factors of 76293512?
2, 19, 501931
List the prime factors of 4360968584.
2, 7, 499, 156061
What are the prime factors of 208772579?
139, 1501961
What are the prime factors of 180280542?
2, 3, 13, 2311289
What are the prime factors of 2634334192?
2, 7, 19, 1237939
List the prime factors of 94058906.
2, 491, 95783
List the prime factors of 94361770.
2, 5, 263, 35879
List the prime factors of 49282537.
23, 2142719
What are the prime factors of 160291951?
160291951
List the prime factors of 1561119893.
16811, 92863
List the prime factors of 121555678.
2, 17, 179, 19973
What are the prime factors of 55498309?
1483, 37423
What are the prime factors of 1525451372?
2, 59, 6463777
What are the prime factors of 167770466?
2, 1009, 83137
What are the prime factors of 384275471?
384275471
List the prime factors of 131734117.
131734117
What are the prime factors of 79423540?
2, 5, 7, 691, 821
List the prime factors of 781594702.
2, 7, 719, 77647
List the prime factors of 34099307.
11, 3099937
List the prime factors of 423901956.
2, 3, 35325163
List the prime factors of 145905699.
3, 29, 67, 25031
List the prime factors of 55911346.
2, 661, 42293
What are the prime factors of 38852653?
7, 5550379
What are the prime factors of 89788602?
2, 3, 103, 145289
List the prime factors of 49194696.
2, 3, 229, 8951
What are the prime factors of 927304176?
2, 3, 19318837
What are the prime factors of 151349271?
3, 50449757
What are the prime factors of 526304295?
3, 5, 11, 1063241
List the prime factors of 6635345.
5, 29, 67, 683
What are the prime factors of 1227